). Calculate the highest common divisor of h and 774.
18
Suppose -18*w = -17*w. Let u be 7 - (-301 + w + 4). What is the greatest common divisor of 16 and u?
16
Suppose -3*x - 30 = -v, -3*x = -2*v - 3*v + 126. Let o(n) = -36*n. Let g be o(-6). Calculate the greatest common factor of v and g.
24
Suppose -5*m = -58*m + 27*m + 728. What is the greatest common divisor of m and 236?
4
Let o be (-3)/(-17 - 1) - 1366/(-12). Let z = o - 54. Suppose -12*q = -85 + 25. Calculate the highest common factor of q and z.
5
Let h be ((150/375)/(4/5))/((-1)/(-162)). Calculate the highest common factor of h and 6399.
81
Let d be (-3*(-66)/10)/(411/2740). Let b = 182 - 149. Calculate the highest common divisor of d and b.
33
Let w be 13427/87 + 7/(-3). What is the greatest common divisor of 2242 and w?
38
Let i be (-2)/(-8) - 1230/(-8). What is the highest common factor of 77 and i?
77
Let y = -2386 - -1481. Let l = y + 927. Let p be 1 + -8*8/(-2). What is the highest common factor of l and p?
11
Suppose -4*k - y - 2186 + 7427 = 0, 4*y + 3926 = 3*k. What is the greatest common divisor of k and 40?
10
Suppose 5*p - 8 - 26 = -4*z, -4*p - 4*z + 28 = 0. Let s = 12 - 16. Let j be (-1)/s + 138/24. What is the greatest common factor of j and p?
6
Let x(n) = 2*n**3 - 2*n**2 - n + 36. Let c be x(5). Suppose 0 = -c*u + 224*u + 518. Calculate the greatest common divisor of u and 666.
74
Let h be (1/(-2))/((-23)/184). Let f = -6 + 3. Let p be (230/f)/(-5)*6. What is the highest common factor of h and p?
4
Suppose -12*z - 56180 + 61040 = 0. Calculate the highest common divisor of 450 and z.
45
Let n be (2*4/(-16))/(1/(-260)). Suppose -26*u + 130 = -21*u. What is the greatest common divisor of n and u?
26
Let t be (-1430)/(-45) + 0 + (-2)/(-9). Let m = 508 + -252. What is the greatest common factor of t and m?
32
Suppose 5*v + 1460 = 5*m, -2*m + 1 = 3. Let t = v - -308. What is the greatest common factor of 915 and t?
15
Suppose -6*n + 63502 = 2*d, -2*d = 2*n - 5029 - 16141. What is the greatest common factor of 19 and n?
19
Let i be (-324)/8*1344/(-16). What is the highest common divisor of i and 36?
18
Let z(w) = w**3 - 34*w**2 + 52*w - 339. Let n be z(33). Let a(t) = 17*t - 4. Let u be a(4). Calculate the highest common factor of n and u.
32
Let n(j) = 5*j + 146. Suppose 139*x = 128*x - 242. Let y be n(x). Let d = -99 + 189. What is the highest common factor of d and y?
18
Let k be -117*(-30)/135 + 1*4/2. Let w = 12 - 0. Calculate the highest common factor of k and w.
4
Let q = 197 + -172. Suppose 3*u - 5*n - 83 = 0, -2*u + 2*n = -7*u + 159. Let d = u - q. Calculate the greatest common factor of d and 9.
3
Suppose 0*o = 4*o - 3*r - 1328, -5*r - 1336 = -4*o. Suppose -b + o = -300. What is the highest common divisor of b and 74?
37
Let g = 2 - 4. Let w be 1*(69 + g/2). Let a be 6 + (-4 - (-12 - 3)). Calculate the highest common factor of w and a.
17
Let a = -48 + 37. Let v(d) = -d**2 - 13*d - 12. Let w be v(a). Suppose 66 = -c + 5*c - 2*g, 4*c + g = 57. What is the greatest common factor of w and c?
5
Let v be 20/(-2) - 4 - -5302. What is the greatest common factor of 8 and v?
8
Suppose 1005 = 9013*b - 9008*b. Calculate the highest common factor of 69 and b.
3
Let q(o) = 2*o + 67. Let h be q(-28). Suppose h = -2*t - 2*s + 41, 0 = -3*s + 12. Suppose 5 = -2*n + t. Calculate the greatest common factor of n and 51.
3
Let m be 6/20 + (-15)/50. Suppose -7*r + 368 + 318 = m. What is the greatest common factor of 35 and r?
7
Let l = 2106 + 3070. What is the highest common factor of l and 40?
8
Let d = 5 + 661. Let k = -4086 - -4160. Calculate the highest common divisor of k and d.
74
Let x(m) = -m**2 + m + 6. Suppose 2*l = -l + 12. Let v be x(l). Let n be (2 + 0)/(v/(-171)). Calculate the highest common factor of 38 and n.
19
Let m = -34 - -82. Calculate the greatest common divisor of 1236 and m.
12
Let g be (2/(-12) + 2062/(-12))/((-64)/128). Calculate the greatest common factor of g and 8.
8
Suppose -4*k - 3*j = -6*j + 95, -12 = 4*j. Let f = 39 - k. Suppose -n = 2*w - 0*n - 76, w + 3*n - 33 = 0. What is the greatest common divisor of w and f?
13
Let x be 0*(-4 + 3 + 2). Let v = x + 12. Let w be ((-6)/(-15)*-1)/(7/(-1050)). What is the greatest common factor of w and v?
12
Let q(j) = j**3 + j**2 + 275. Let c be q(0). Let t = -41 + 45. Let n be (-3)/t - 515/(-20). What is the greatest common divisor of n and c?
25
Let t = -15 - -32. Suppose 2*v - 27 = t. Let a(i) = i**3 - 9*i**2 - 41*i + 7. Let c be a(-3). Calculate the highest common divisor of v and c.
22
Let o be -81*(-4 + -1)/5. Let u = o + -73. Let a(x) = -x**2 + 21*x + 20. Let f be a(20). What is the greatest common factor of f and u?
8
Suppose 0 = -3*p + 25 + 23. Let l(j) = -172 - j**2 + 23*j - 11*j + 12*j + 11*j. Let r be l(20). What is the greatest common factor of r and p?
16
Suppose 0 = u - 2*t + 8, 2*u + t + 13 = 4*t. Let r be -2 + 1 + 35 - u. Calculate the greatest common divisor of 204 and r.
12
Suppose 8*z + 11*u - 9*u = 2874, 3*z + 3*u - 1062 = 0. Calculate the highest common divisor of 95 and z.
19
Let n be (-10)/(-8) - (295/(-4) + -13). Let o be 1 - (3 - 34) - -1. Calculate the greatest common divisor of o and n.
11
Let a(l) = -3*l**2 - 18*l - 6. Let n be a(-6). Let m(g) = -g**2 - 10*g - 7. Let w be m(n). What is the highest common divisor of w and 459?
17
Suppose -15031 = -20*w - 8941 + 9330. What is the highest common divisor of 36 and w?
3
Let a be 21498/86 + 216/9288. Let k be (-4)/(-6) - (-56)/6. What is the greatest common divisor of a and k?
10
Let z be 1/(-2 + 4485/2235). What is the greatest common factor of z and 9536?
149
Let m be (-34)/(-102)*13800/2. What is the highest common divisor of m and 10?
10
Suppose 0*i - 2*i = 3*z - 4, -3*i + 6 = z. Suppose 3*j - 218 = 3*t - 4*t, i*t - 468 = 2*j. Suppose -q + t = q. Calculate the greatest common factor of 46 and q.
23
Suppose 272*z - 31029 - 18201 = 53042. What is the highest common factor of 280 and z?
8
Let u(y) = y**3 + 6*y**2 + 3*y - 9. Let z be u(-4). Suppose -39 = -3*r + 2*s, 5*r + s - 52 = -0*r. Calculate the greatest common factor of z and r.
11
Suppose -6*x + 2 = 38. Let j be -4 - ((-2 - x) + -432). What is the greatest common divisor of 53 and j?
53
Let y(a) = -a**3 - 37*a**2 + 10*a - 101. Let i be y(-41). What is the highest common factor of i and 171?
57
Let p be (373 - (-19 + 20))*1/3*1. What is the greatest common factor of p and 28?
4
Suppose x + 3*x = 4*c - 380, -101 = -c + 3*x. Suppose 9*u - 11914 = -28*u. Calculate the highest common factor of c and u.
46
Suppose -2*m = -3*t - 5*m - 204, -275 = 4*t + 5*m. Let i be ((-8)/10)/(1/t). Calculate the highest common divisor of i and 364.
52
Suppose -99 = 6*l - 633. Suppose 0 = -5*v - 5*q + 230, 3*v + 2*q - 47 - l = 0. What is the highest common factor of 4 and v?
4
Let k be 4485/(-45) - (3/9 + 1). Let h = 133 + k. Suppose 4*q - 642 = -5*i + 2*q, -1 = -q. What is the greatest common factor of h and i?
32
Suppose 5*u - 420 = 10*u. Let n be ((-27)/(-2))/((-42)/u). What is the greatest common factor of 459 and n?
27
Suppose -45*b + i - 189824 = -49*b, -3*b + 142370 = i. What is the highest common divisor of b and 6?
6
Let c = 169 + -113. Suppose -650 = 54*v - c*v. Calculate the greatest common factor of v and 25.
25
Suppose 4*k - 2*o - 1184 = 0, 45*k + 1489 = 50*k + 2*o. What is the greatest common divisor of 165 and k?
33
Let a be (-1 - (-28)/16)/((-2)/(-8)). Suppose -7*c + 3*c + 3*f + 1699 = 0, -418 = -c + a*f. Calculate the greatest common divisor of c and 61.
61
Let z(h) = -1176*h - 2366. Let s be z(-8). What is the greatest common divisor of 14 and s?
14
Let v(z) = z**2 - 8*z - 104. Let u(i) = -i**2 + 9*i + 103. Let c(d) = 2*u(d) + 3*v(d). Let k be c(-20). Calculate the greatest common factor of 69 and k.
69
Suppose -4*u = -4*a - 960, -u + a = u - 476. Let k = u + -219. Calculate the highest common factor of k and 459.
17
Let f = -2603 - -2635. What is the greatest common divisor of 4096 and f?
32
Suppose 119*d + 556 = 123*d - 5*x, 160 = d + 4*x. What is the greatest common factor of d and 480?
48
Let p = 484380 + -484300. Let f(n) = -n**3 + 6*n**2 + n - 3. Let r be f(6). Suppose -6 = -r*j + 24. What is the greatest common factor of j and p?
10
Let w be (((-216)/(-21))/3)/((-4)/(-42)). Suppose